{"id":101,"date":"2022-02-04T19:18:38","date_gmt":"2022-02-04T19:18:38","guid":{"rendered":"https:\/\/terrasse-esterel.fr\/?page_id=101"},"modified":"2026-03-25T17:54:36","modified_gmt":"2026-03-25T17:54:36","slug":"home","status":"publish","type":"page","link":"https:\/\/terrasse-esterel.fr\/","title":{"rendered":"Accueil"},"content":{"rendered":"\n<h3 class=\"wp-block-heading\"><strong>Un appartement de charme \u00e0 5 minutes de la plage du Dramont<\/strong><\/h3>\n\n\n\n<p>Venez profiter d&rsquo;un cadre idyllique face au <strong>Cap Dramont<\/strong>, un espace naturel pr\u00e9serv\u00e9 o\u00f9 se m\u00ealent l&rsquo;ombre des pins parasols, le bleu de la baie d\u2019Agay et l&rsquo;ocre rouge des rochers de l\u2019Est\u00e9rel. Face \u00e0 vous, l&#8217;embl\u00e9matique <strong>\u00cele d&rsquo;Or<\/strong> compl\u00e8te ce d\u00e9cor de carte postale.<\/p>\n\n\n\n<p>\u2728 <strong>Le calme d&rsquo;un dernier \u00e9tage, le confort du plain-pied<\/strong><br>Situ\u00e9 au premier et dernier \u00e9tage d&rsquo;une petite r\u00e9sidence intimiste, l&rsquo;appartement vous garantit une tranquillit\u00e9 absolue, sans voisin au-dessus. Sa configuration unique est un v\u00e9ritable atout : vous profitez d&rsquo;une position dominante avec un <strong>acc\u00e8s quasi de plain-pied<\/strong> via le jardin priv\u00e9, facilitant votre installation et tous vos d\u00e9placements.<\/p>\n\n\n<div class=\"wp-block-image\">\n<figure class=\"aligncenter\"><img loading=\"lazy\" decoding=\"async\" width=\"612\" height=\"459\" src=\"https:\/\/terrasse-esterel.fr\/wp-content\/uploads\/2022\/03\/istockphoto-1290279035-612x612-1.jpg\" alt=\"Vue sur le Cap Dramont et l'Ile d'Or depuis la terrasse\" class=\"wp-image-877\" srcset=\"https:\/\/terrasse-esterel.fr\/wp-content\/uploads\/2022\/03\/istockphoto-1290279035-612x612-1.jpg 612w, https:\/\/terrasse-esterel.fr\/wp-content\/uploads\/2022\/03\/istockphoto-1290279035-612x612-1-300x225.jpg 300w\" sizes=\"auto, (max-width: 612px) 100vw, 612px\" \/><\/figure>\n<\/div>\n\n\n<p>\ud83c\udf05 <strong>Une terrasse avec vue panoramique<\/strong><br>V\u00e9ritable pi\u00e8ce de vie suppl\u00e9mentaire, la terrasse ombrag\u00e9e vous offre un panorama apaisant sur le jardin, la piscine et les reflets des <strong>lacs du Dramont<\/strong>, avec la mer en ligne d&rsquo;horizon. Id\u00e9al pour vos petits-d\u00e9jeuners au calme ou vos ap\u00e9ritifs \/ d\u00eeners au grand air.<\/p>\n\n\n\n<p>\ud83d\udeb6 <strong>Oubliez la voiture : tout est \u00e0 moins de 10 minutes \u00e0 pied<\/strong><br>L&#8217;emplacement est le luxe ultime de vos vacances. Posez vos cl\u00e9s et profitez :<\/p>\n\n\n\n<ul class=\"wp-block-list\">\n<li>\ud83c\udfd6\ufe0f <strong>Plages :<\/strong> La Plage du D\u00e9barquement (5 min) et la magnifique crique du Camp Long (10 min).<\/li>\n\n\n\n<li>\ud83d\uded2 <strong>Commodit\u00e9s :<\/strong> Boulangerie, sup\u00e9rette, restaurants, pharmacie et m\u00e9decins.<\/li>\n\n\n\n<li>\ud83d\udea4 <strong>Loisirs :<\/strong> Sentier du littoral, port du Poussa\u00ef et activit\u00e9s nautiques sur le lac.<\/li>\n<\/ul>\n\n\n<div class=\"wp-block-image\">\n<figure class=\"aligncenter\"><img loading=\"lazy\" decoding=\"async\" width=\"612\" height=\"425\" src=\"https:\/\/terrasse-esterel.fr\/wp-content\/uploads\/2022\/03\/istockphoto-1369908544-612x612-1.jpg\" alt=\"Plage du D\u00e9barquement et roches rouges de l'Esterel\" class=\"wp-image-878\" srcset=\"https:\/\/terrasse-esterel.fr\/wp-content\/uploads\/2022\/03\/istockphoto-1369908544-612x612-1.jpg 612w, https:\/\/terrasse-esterel.fr\/wp-content\/uploads\/2022\/03\/istockphoto-1369908544-612x612-1-300x208.jpg 300w\" sizes=\"auto, (max-width: 612px) 100vw, 612px\" \/><\/figure>\n<\/div>\n\n\n<p>\u2705 <strong>Tout pour votre s\u00e9jour id\u00e9al<\/strong><br>* <strong>\u00c9quipements<\/strong> : Jardin priv\u00e9, piscine dans la r\u00e9sidence et climatisation.<br>* <strong>Animaux bienvenus<\/strong> : Le jardin et les sentiers environnants raviront vos compagnons.<br>* <strong>Direct propri\u00e9taire<\/strong> : R\u00e9servation s\u00e9curis\u00e9e, sans commission et au meilleur tarif garanti.<\/p>\n\n\n\n<p>\ud83d\udccd <em>Besoin de pr\u00e9cisions sur l&rsquo;acc\u00e8s, la gare ou le parking ?<\/em><br>\ud83d\udc49 <strong><a href=\"https:\/\/terrasse-esterel.fr\/informations-pratiques\/\">Consultez nos informations pratiques<\/a><\/strong><\/p>\n\n\n\n<hr class=\"wp-block-separator has-alpha-channel-opacity\"\/>\n\n\n\n<p>\u00ab\u00a0Nous avons \u00e0 c\u0153ur de vous offrir un s\u00e9jour ressour\u00e7ant dans ce coin de paradis que nous aimons tant. Au plaisir de vous accueillir !\u00a0\u00bb \u2014 <strong>Delphine et Olivier<\/strong><\/p>\n\n\n\n<script type=\"application\/ld-json\">\n{\n  \"@context\": \"https:\/\/schema.org\",\n  \"@type\": \"VacationRental\",\n  \"name\": \"Une Terrasse sur l'Est\u00e9rel\",\n  \"url\": \"https:\/\/terrasse-esterel.fr\",\n  \"address\": {\n    \"@type\": \"PostalAddress\",\n    \"streetAddress\": \"49 Rue du Porphyre\",\n    \"addressLocality\": \"Saint-Rapha\u00ebl\",\n    \"postalCode\": \"83700\",\n    \"addressCountry\": \"FR\"\n  },\n  \"sameAs\": [\n    \"https:\/\/www.airbnb.fr\/rooms\/594161301143764010\",\n    \"https:\/\/www.booking.com\/hotel\/fr\/une-terrasse-sur-l-esterel.fr.html\"\n  ]\n}\n<\/script>\n","protected":false},"excerpt":{"rendered":"<p>Un appartement de charme \u00e0 5 minutes de la plage du Dramont Venez profiter d&rsquo;un cadre idyllique face au Cap Dramont, un espace naturel pr\u00e9serv\u00e9 o\u00f9 se m\u00ealent l&rsquo;ombre des pins parasols, le bleu de la baie d\u2019Agay et l&rsquo;ocre rouge des rochers de l\u2019Est\u00e9rel. Face \u00e0 vous, l&#8217;embl\u00e9matique \u00cele d&rsquo;Or compl\u00e8te ce d\u00e9cor de [&hellip;]<\/p>\n","protected":false},"author":1,"featured_media":0,"parent":0,"menu_order":0,"comment_status":"closed","ping_status":"closed","template":"","meta":{"footnotes":""},"class_list":["post-101","page","type-page","status-publish","hentry"],"_links":{"self":[{"href":"https:\/\/terrasse-esterel.fr\/index.php?rest_route=\/wp\/v2\/pages\/101","targetHints":{"allow":["GET"]}}],"collection":[{"href":"https:\/\/terrasse-esterel.fr\/index.php?rest_route=\/wp\/v2\/pages"}],"about":[{"href":"https:\/\/terrasse-esterel.fr\/index.php?rest_route=\/wp\/v2\/types\/page"}],"author":[{"embeddable":true,"href":"https:\/\/terrasse-esterel.fr\/index.php?rest_route=\/wp\/v2\/users\/1"}],"replies":[{"embeddable":true,"href":"https:\/\/terrasse-esterel.fr\/index.php?rest_route=%2Fwp%2Fv2%2Fcomments&post=101"}],"version-history":[{"count":6,"href":"https:\/\/terrasse-esterel.fr\/index.php?rest_route=\/wp\/v2\/pages\/101\/revisions"}],"predecessor-version":[{"id":1223,"href":"https:\/\/terrasse-esterel.fr\/index.php?rest_route=\/wp\/v2\/pages\/101\/revisions\/1223"}],"wp:attachment":[{"href":"https:\/\/terrasse-esterel.fr\/index.php?rest_route=%2Fwp%2Fv2%2Fmedia&parent=101"}],"curies":[{"name":"wp","href":"https:\/\/api.w.org\/{rel}","templated":true}]}}

<h3 class="wp-block-heading"><strong>Un appartement de charme à 5 minutes de la plage du Dramont</strong></h3>



<p>Venez profiter d&rsquo;un cadre idyllique face au <strong>Cap Dramont</strong>, un espace naturel préservé où se mêlent l&rsquo;ombre des pins parasols, le bleu de la baie d’Agay et l&rsquo;ocre rouge des rochers de l’Estérel. Face à vous, l&#8217;emblématique <strong>Île d&rsquo;Or</strong> complète ce décor de carte postale.</p>



<p>✨ <strong>Le calme d&rsquo;un dernier étage, le confort du plain-pied</strong><br>Situé au premier et dernier étage d&rsquo;une petite résidence intimiste, l&rsquo;appartement vous garantit une tranquillité absolue, sans voisin au-dessus. Sa configuration unique est un véritable atout : vous profitez d&rsquo;une position dominante avec un <strong>accès quasi de plain-pied</strong> via le jardin privé, facilitant votre installation et tous vos déplacements.</p>


<div class="wp-block-image">
<figure class="aligncenter"><img loading="lazy" decoding="async" width="612" height="459" src="https://terrasse-esterel.fr/wp-content/uploads/2022/03/istockphoto-1290279035-612x612-1.jpg" alt="Vue sur le Cap Dramont et l'Ile d'Or depuis la terrasse" class="wp-image-877" srcset="https://terrasse-esterel.fr/wp-content/uploads/2022/03/istockphoto-1290279035-612x612-1.jpg 612w, https://terrasse-esterel.fr/wp-content/uploads/2022/03/istockphoto-1290279035-612x612-1-300x225.jpg 300w" sizes="auto, (max-width: 612px) 100vw, 612px" /></figure>
</div>


<p>🌅 <strong>Une terrasse avec vue panoramique</strong><br>Véritable pièce de vie supplémentaire, la terrasse ombragée vous offre un panorama apaisant sur le jardin, la piscine et les reflets des <strong>lacs du Dramont</strong>, avec la mer en ligne d&rsquo;horizon. Idéal pour vos petits-déjeuners au calme ou vos apéritifs / dîners au grand air.</p>



<p>🚶 <strong>Oubliez la voiture : tout est à moins de 10 minutes à pied</strong><br>L&#8217;emplacement est le luxe ultime de vos vacances. Posez vos clés et profitez :</p>



<ul class="wp-block-list">
<li>🏖️ <strong>Plages :</strong> La Plage du Débarquement (5 min) et la magnifique crique du Camp Long (10 min).</li>



<li>🛒 <strong>Commodités :</strong> Boulangerie, supérette, restaurants, pharmacie et médecins.</li>



<li>🚤 <strong>Loisirs :</strong> Sentier du littoral, port du Poussaï et activités nautiques sur le lac.</li>
</ul>


<div class="wp-block-image">
<figure class="aligncenter"><img loading="lazy" decoding="async" width="612" height="425" src="https://terrasse-esterel.fr/wp-content/uploads/2022/03/istockphoto-1369908544-612x612-1.jpg" alt="Plage du Débarquement et roches rouges de l'Esterel" class="wp-image-878" srcset="https://terrasse-esterel.fr/wp-content/uploads/2022/03/istockphoto-1369908544-612x612-1.jpg 612w, https://terrasse-esterel.fr/wp-content/uploads/2022/03/istockphoto-1369908544-612x612-1-300x208.jpg 300w" sizes="auto, (max-width: 612px) 100vw, 612px" /></figure>
</div>


<p>✅ <strong>Tout pour votre séjour idéal</strong><br>* <strong>Équipements</strong> : Jardin privé, piscine dans la résidence et climatisation.<br>* <strong>Animaux bienvenus</strong> : Le jardin et les sentiers environnants raviront vos compagnons.<br>* <strong>Direct propriétaire</strong> : Réservation sécurisée, sans commission et au meilleur tarif garanti.</p>



<p>📍 <em>Besoin de précisions sur l&rsquo;accès, la gare ou le parking ?</em><br>👉 <strong><a href="https://terrasse-esterel.fr/informations-pratiques/">Consultez nos informations pratiques</a></strong></p>



<hr class="wp-block-separator has-alpha-channel-opacity"/>



<p>« Nous avons à cœur de vous offrir un séjour ressourçant dans ce coin de paradis que nous aimons tant. Au plaisir de vous accueillir ! » — <strong>Delphine et Olivier</strong></p>



<script type="application/ld-json">
{
  "@context": "https://schema.org",
  "@type": "VacationRental",
  "name": "Une Terrasse sur l'Estérel",
  "url": "https://terrasse-esterel.fr",
  "address": {
    "@type": "PostalAddress",
    "streetAddress": "49 Rue du Porphyre",
    "addressLocality": "Saint-Raphaël",
    "postalCode": "83700",
    "addressCountry": "FR"
  },
  "sameAs": [
    "https://www.airbnb.fr/rooms/594161301143764010",
    "https://www.booking.com/hotel/fr/une-terrasse-sur-l-esterel.fr.html"
  ]
}
</script>

<p>Un appartement de charme à 5 minutes de la plage du Dramont Venez profiter d&rsquo;un cadre idyllique face au Cap Dramont, un espace naturel préservé où se mêlent l&rsquo;ombre des pins parasols, le bleu de la baie d’Agay et l&rsquo;ocre rouge des rochers de l’Estérel. Face à vous, l&#8217;emblématique Île d&rsquo;Or complète ce décor de [&hellip;]</p>
